10
Let m = -35754 - -36129. What is the highest common factor of 9 and m?
3
Let w = 1823 + -808. Calculate the greatest common divisor of w and 1160.
145
Let a be (12/(-4))/((-3)/2)*120/16. What is the greatest common divisor of a and 24600?
15
Suppose 0 = 2*p - 4*t - 20, 0 - 2 = -2*p - 2*t. Let x be 9/p*4/3. Let a be x/(-9) - (-110)/6. What is the greatest common divisor of 54 and a?
18
Let w = 322 - 153. Let j = w + -9. Let u(i) = -3*i**2 - 39*i - 16. Let g be u(-12). What is the greatest common divisor of g and j?
20
Suppose 4*y = 10 - 46. Let i be (-21)/14 - y/2. Suppose 3*p = -j - p + 35, -i*j - 5*p + 140 = 0. What is the highest common factor of j and 5?
5
Suppose 626*a - 628*a + 54 = -2*g, -4*g + 47 = a. What is the highest common factor of a and 32581?
31
Let g(m) = -m**3 - 9*m**2 - 28*m + 25. Let b be g(-7). Suppose 1003 = 8*l + b. What is the highest common divisor of l and 44?
22
Suppose 0 = -3*a + 2*i + 62, -103 = -4*a + 2*i - 17. Calculate the highest common divisor of a and 2160.
24
Suppose -7*j = 2*w - 4344, 5*w + 4*j + 586 - 11338 = 0. What is the greatest common divisor of 335 and w?
67
Let m(x) = 13*x + 14. Suppose -5 = 12*y - 17. Let a be m(y). Calculate the highest common factor of a and 783.
27
Let z be (24 - 32)/(-1*(-1)/(-5)). Let n(s) = s**3 + 13*s**2 + 8*s. Let f be n(-12). What is the highest common divisor of f and z?
8
Suppose -208 = 5*j - 3*g + 12, 0 = -3*j - 4*g - 132. Let i = -9 - j. Calculate the greatest common factor of 20 and i.
5
Let v be (2 - (1 - -1))/3 + 0. Let g = v - -47. Calculate the greatest common divisor of 94 and g.
47
Suppose 304 + 18396 = 25*u - 7150. Calculate the greatest common factor of u and 176.
22
Suppose -90 - 670 = -268*l + 312. Suppose 4*j = -4*c + 52, 0 = -5*c - 4 - 11. Suppose -w = 3*w - j. What is the highest common factor of w and l?
4
Suppose -2*y - f + 139 = -6*f, 2*y + 5*f - 149 = 0. Let j = -154 + 274. What is the greatest common factor of y and j?
24
Let p = -154 + 74. Suppose 52*u + 312 = -2340. Let b = u - p. Calculate the highest common divisor of 203 and b.
29
Let p = 207520 - 207487. Let v = 3 + 6. Calculate the greatest common factor of v and p.
3
Let y be 2/3*(-90)/(-20). Suppose -d - z + 24 = y*z, d + z = 9. Suppose d*b - 3*n = 20, -3*n - 8 = -2*b - n. What is the highest common divisor of 64 and b?
8
Suppose 4*s - 249 = 3*g, 4*s + 4*g - 85 - 143 = 0. Let f be 5 - 4/((-4)/(-3)). Suppose -y - 24 = -f*y. What is the greatest common factor of y and s?
12
Suppose 4*l - 3*v + 12 = 0, 18*l = 21*l + 3*v - 12. Suppose -a + 5*f + 319 = l, 1 = 21*f - 20*f. What is the highest common divisor of 54 and a?
54
Let f be (4/8)/(((-5)/1170)/(-1)). Calculate the highest common divisor of 221 and f.
13
Suppose l = 5*s - 454, 24*s - 27*s = 5*l - 250. Let g be (5 - 6)/((-2)/54). Calculate the greatest common divisor of s and g.
9
Let a(p) = -p**2 - 12*p - 25. Let z be a(-3). Suppose 6 = -0*o + z*o. What is the greatest common divisor of 3 and o?
3
Let z(q) = -q**3 - 31*q**2 - 204*q - 18. Let f be z(-23). What is the highest common factor of 238 and f?
34
Suppose 3*g - 177 = h + 2*h, 0 = 4*g + 5*h - 254. Suppose -g = 2*k - 69. Calculate the highest common divisor of k and 20.
4
Suppose -1339*g = -1600*g + 1566. Suppose 3*w - 2274 - 768 = 0. Calculate the greatest common factor of w and g.
6
Let x(q) be the first derivative of 9/2*q**2 + 25 - 44*q. Let a be x(6). What is the greatest common divisor of 70 and a?
10
Suppose 0 = -167*t + 5116 + 22439. What is the greatest common divisor of 885 and t?
15
Let v be ((-63)/(-28) + 3/6)*324. What is the highest common divisor of v and 121?
11
Suppose 0 = 4*h - l - 863, 3*l + 631 = 4*h - 230. What is the greatest common divisor of 1056 and h?
24
Let u = -89 - -88. Let w(f) = -301*f - 7. Let p be w(u). Suppose p - 90 = 6*l. What is the greatest common factor of 2 and l?
2
Let h(m) = -10*m + 18. Let i be h(3). Let q be (-56)/(-26) - 11/((-858)/i). Suppose -q*l + 273 = 113. Calculate the highest common divisor of 10 and l.
10
Let i be -4 + 3/3 + 45. Let b be (i/(-15))/(1/(-10)). Suppose -g + 176 = -5*x, -4*x + x - 576 = -3*g. Calculate the highest common divisor of g and b.
28
Let l(c) be the second derivative of 3*c**3/2 - 12*c**2 + 1081*c. Let a be (20/(-2))/((-6)/3). Let r be l(a). Calculate the greatest common divisor of r and 3.
3
Let b = 16716 + -16506. Calculate the highest common factor of b and 1605.
15
Suppose 6*f = 3*a - 1110, 49*a - 54*a - f = -1795. What is the greatest common factor of a and 320?
40
Let h(u) = -2*u**2 + 53*u + 39. Let m be h(28). Let z be (300/m)/((-4)/30). Let b(f) = 24*f + 2. Let k be b(2). Calculate the greatest common factor of z and k.
50
Let z(n) = -52 - 45 + 57 - 3*n. Let d be z(-16). Calculate the highest common divisor of 216 and d.
8
Suppose -4*u - u + 40 = 0. Suppose 0*p - v = 7*p - 8*p + v + 8, 0 = -5*v. Calculate the highest common factor of u and p.
8
Let z = -12 - -18. Suppose 0 = 177*t + 6*t - 17568. What is the highest common divisor of t and z?
6
Suppose -3*o = -0*o - 594. Let x = -75039 + 75127. Calculate the greatest common factor of x and o.
22
Let h be 124/((80/85)/8) - 0. What is the greatest common factor of h and 124?
62
Let k(t) = -89*t**2 - 7*t - 13. Let x(s) = -182*s**2 - 15*s - 27. Let u(w) = 5*k(w) - 3*x(w). Let q be u(-2). What is the highest common divisor of 16 and q?
16
Let f = -3943 - -4068. Calculate the greatest common divisor of f and 475.
25
Suppose 3*r - 5 + 10 = 4*q, r + 5*q - 30 = 0. Suppose -2*d + 62 = 3*i, -11*i + r*d = -15*i + 78. Calculate the greatest common divisor of 6 and i.
2
Let y be (-558)/(-10) - (-2)/(-20)*-2. Suppose -4*f - y - 35 = -3*z, -2*f - 47 = -z. Let x = 55 + f. What is the highest common divisor of x and 20?
10
Let g be (-524)/(-22) - 1/(-22)*4. Let k = 473 + -353. Calculate the greatest common factor of g and k.
24
Let n(f) = 10*f - 58. Let z be n(10). Suppose -z - 218 = -4*b + l, -3*b + 3*l = -186. What is the greatest common divisor of b and 6?
6
Let j = 1538 + -1073. What is the highest common divisor of 1705 and j?
155
Suppose 2*a + 492 = 4*z, 0 = -5*a + 2 + 8. Let j be (0 - -2)*837/18. What is the greatest common factor of j and z?
31
Suppose 79*f - 2058 - 1892 = 0. What is the greatest common divisor of f and 3850?
50
Let p = 97 - 97. Suppose p = 3*q + 3, 0 = 5*l + q - 4*q - 683. Let r = l + -26. Calculate the highest common factor of 10 and r.
10
Suppose -19*a - 23200 = -61*a + 26*a. What is the highest common divisor of a and 116?
58
Let x(m) = -46*m + 2. Let l be x(-1). Suppose -2*q = 10, 28*q = -8*w + 33*q + 121. What is the greatest common factor of w and l?
12
Let u(s) = -2*s**2 - 17*s - 9. Let h(y) = y - 10. Let l be h(3). Let g be u(l). Let d be -2 + 54 + g/(-3) + 8. What is the greatest common factor of d and 8?
8
Suppose -15 = 2*j - 9, -3*j = -2*v + 89. What is the highest common divisor of 440 and v?
40
Suppose 2*d - 4862 = -15*d. Suppose 5*s - 994 = 5*w + d, -w + 1274 = 5*s. What is the highest common divisor of s and 15?
15
Suppose -7*t + 9*t - 5*z - 60 = 0, -72 = -4*t - 2*z. Calculate the highest common factor of 4780 and t.
20
Let a(w) = -3*w - 14. Let n(s) = 2. Let c(x) = -a(x) - 4*n(x). Let k be c(3). Suppose -3*u + 386 = 26. Calculate the highest common factor of u and k.
15
Let p(k) = 22*k**2 - k - 1. Suppose 1 = 5*z - 4. Let j be z/((-4)/8*2). Let c be p(j). What is the highest common factor of 66 and c?
22
Suppose 24 = 3*s + 5*s. Let b be 187/(-44) - s/4. Let q(y) = -12*y - 27. Let f be q(b). What is the highest common divisor of f and 11?
11
Suppose -r + 5*o = -3127, 4*o - 13851 = -5*r + 1929. Calculate the highest common factor of r and 48.
16
Let t be 10/50 - (-5)/(-25). Suppose 0 = b + 5 - 3, t = -x + b + 23. Calculate the highest common divisor of x and 15.
3
Let r(m) = 27*m**2 + 2*m + 28. Let c be r(7). Suppose 7*x = -0*x + c. Suppose 0*a + 5*a - x = 0. Calculate the greatest common divisor of a and 351.
39
Suppose 0 = -3*f - 3*k + 4872, 0 = 14*f - 15*f - 3*k + 1622. What is the highest common factor of 39 and f?
13
Let k = 596 - 594. Let d(w) = 16*w**2 + 3*w - 7. Let x be d(k). What is the greatest common divisor of 18 and x?
9
Let r be 22*15/(-45)*-60. What is the greatest common factor of r and 480?
40
Let f(o) = 86*o